CRAN Package Check Results for Package EPLSIM

Last updated on 2024-02-24 04:58:41 CET.

Flavor Version Tinstall Tcheck Ttotal Status Flags
r-devel-linux-x86_64-debian-clang 0.1.0 2.89 55.07 57.96 OK
r-devel-linux-x86_64-debian-gcc 0.1.0 2.56 41.76 44.32 OK
r-devel-linux-x86_64-fedora-clang 0.1.0 78.30 OK
r-devel-linux-x86_64-fedora-gcc 0.1.0 79.84 OK
r-devel-windows-x86_64 0.1.0 4.00 68.00 72.00 OK
r-patched-linux-x86_64 0.1.0 2.66 52.87 55.53 OK
r-release-linux-x86_64 0.1.0 2.25 53.57 55.82 OK
r-release-macos-arm64 0.1.0 36.00 OK
r-release-macos-x86_64 0.1.0 53.00 NOTE
r-release-windows-x86_64 0.1.0 4.00 75.00 79.00 OK
r-oldrel-macos-arm64 0.1.0 26.00 OK
r-oldrel-windows-x86_64 0.1.0 5.00 74.00 79.00 OK

Check Details

Version: 0.1.0
Check: package dependencies
Result: NOTE Package suggested but not available for checking: ‘PerformanceAnalytics’ Flavor: r-release-macos-x86_64