Last updated on 2023-11-30 05:50:49 CET.
Flavor | Version | Tinstall | Tcheck | Ttotal | Status | Flags |
---|---|---|---|---|---|---|
r-devel-linux-x86_64-debian-clang | 2.0.4 | 34.52 | 628.93 | 663.45 | OK | |
r-devel-linux-x86_64-debian-gcc | 2.0.4 | 30.59 | 453.62 | 484.21 | OK | |
r-devel-linux-x86_64-fedora-clang | 2.0.4 | 829.67 | NOTE | |||
r-devel-linux-x86_64-fedora-gcc | 2.0.4 | 857.50 | NOTE | |||
r-devel-windows-x86_64 | 2.0.4 | 32.00 | 445.00 | 477.00 | OK | |
r-patched-linux-x86_64 | 2.0.4 | 40.56 | 590.80 | 631.36 | OK | |
r-release-linux-x86_64 | 2.0.4 | 24.78 | 596.70 | 621.48 | OK | |
r-release-macos-arm64 | 2.0.4 | 195.00 | OK | |||
r-release-macos-x86_64 | 2.0.4 | 367.00 | OK | |||
r-release-windows-x86_64 | 2.0.4 | 45.00 | 558.00 | 603.00 | OK | |
r-oldrel-macos-arm64 | 2.0.4 | 175.00 | OK | |||
r-oldrel-macos-x86_64 | 2.0.4 | 236.00 | OK | |||
r-oldrel-windows-x86_64 | 2.0.4 | 47.00 | 537.00 | 584.00 | OK |
Version: 2.0.4
Check: data for non-ASCII characters
Result: NOTE
Note: found 2 marked UTF-8 strings
Flavors: r-devel-linux-x86_64-fedora-clang, r-devel-linux-x86_64-fedora-gcc