CRAN Package Check Results for Package EEMDlstm

Last updated on 2024-03-03 04:48:35 CET.

Flavor Version Tinstall Tcheck Ttotal Status Flags
r-devel-linux-x86_64-debian-clang 0.1.0 16.44 122.01 138.45 OK
r-devel-linux-x86_64-debian-gcc 0.1.0 9.70 92.17 101.87 OK
r-devel-linux-x86_64-fedora-clang 0.1.0 177.72 NOTE
r-devel-linux-x86_64-fedora-gcc 0.1.0 158.88 NOTE
r-devel-windows-x86_64 0.1.0 14.00 100.00 114.00 OK
r-patched-linux-x86_64 0.1.0 12.63 118.34 130.97 OK
r-release-linux-x86_64 0.1.0 9.46 118.00 127.46 OK
r-release-macos-arm64 0.1.0 53.00 OK
r-release-macos-x86_64 0.1.0 84.00 OK
r-release-windows-x86_64 0.1.0 17.00 118.00 135.00 OK
r-oldrel-macos-arm64 0.1.0 48.00 NOTE
r-oldrel-windows-x86_64 0.1.0 18.00 123.00 141.00 OK

Additional issues

donttest

Check Details

Version: 0.1.0
Check: dependencies in R code
Result: NOTE Namespaces in Imports field not imported from: ‘reticulate’ ‘tensorflow’ All declared Imports should be used. Flavors: r-devel-linux-x86_64-fedora-clang, r-devel-linux-x86_64-fedora-gcc, r-oldrel-macos-arm64