CRAN Package Check Results for Package DunnettTests

Last updated on 2020-06-01 15:47:42 CEST.

Flavor Version Tinstall Tcheck Ttotal Status Flags
r-devel-linux-x86_64-debian-clang 2.0 3.18 33.76 36.94 NOTE
r-devel-linux-x86_64-debian-gcc 2.0 3.42 25.67 29.09 NOTE
r-devel-linux-x86_64-fedora-clang 2.0 57.27 NOTE
r-devel-linux-x86_64-fedora-gcc 2.0 46.38 NOTE
r-devel-windows-ix86+x86_64 2.0 6.00 67.00 73.00 NOTE
r-patched-linux-x86_64 2.0 3.40 34.44 37.84 NOTE
r-patched-solaris-x86 2.0 71.80 NOTE
r-release-linux-x86_64 2.0 4.22 33.95 38.17 NOTE
r-release-osx-x86_64 2.0 NOTE
r-release-windows-ix86+x86_64 2.0 7.00 54.00 61.00 NOTE
r-oldrel-osx-x86_64 2.0 NOTE
r-oldrel-windows-ix86+x86_64 2.0 6.00 68.00 74.00 NOTE

Check Details

Version: 2.0
Check: R code for possible problems
Result: NOTE
    cvSDDT: no visible global function definition for 'qt'
    cvSDDT : Cj_SD.fun: no visible global function definition for 'combn'
    cvSDDT: no visible global function definition for 'uniroot'
    cvSUDT: no visible global function definition for 'rnorm'
    cvSUDT: no visible global function definition for 'rchisq'
    cvSUDT : psi.fun: no visible global function definition for 'pnorm'
    cvSUDT: no visible global function definition for 'qt'
    cvSUDT: no visible global function definition for 'uniroot'
    cvSUDT: no visible global function definition for 'combn'
    nvDT : samplesize: no visible global function definition for 'rnorm'
    nvDT : samplesize: no visible global function definition for 'rchisq'
    nvDT : samplesize: no visible global function definition for 'pnorm'
    nvDT : ssBonf: no visible global function definition for 'qnorm'
    nvDT : ssBonf: no visible global function definition for 'qt'
    nvDT : ssBonf: no visible global function definition for 'rnorm'
    nvDT : ssBonf: no visible global function definition for 'rchisq'
    nvDT : ssBonf: no visible global function definition for 'pnorm'
    nvDT: no visible global function definition for 'uniroot'
    powDT: no visible global function definition for 'rnorm'
    powDT: no visible global function definition for 'rchisq'
    powDT: no visible global function definition for 'pnorm'
    qvSDDT: no visible global function definition for 'pt'
    qvSUDT: no visible global function definition for 'rnorm'
    qvSUDT: no visible global function definition for 'rchisq'
    qvSUDT : psi.fun: no visible global function definition for 'pnorm'
    qvSUDT: no visible global function definition for 'pt'
    qvSUDT : Pj.fun: no visible global function definition for 'qt'
    qvSUDT : Pj.fun: no visible global function definition for 'uniroot'
    Undefined global functions or variables:
     combn pnorm pt qnorm qt rchisq rnorm uniroot
    Consider adding
     importFrom("stats", "pnorm", "pt", "qnorm", "qt", "rchisq", "rnorm",
     "uniroot")
     importFrom("utils", "combn")
    to your NAMESPACE file.
Flavors: r-devel-linux-x86_64-debian-clang, r-devel-linux-x86_64-debian-gcc, r-devel-linux-x86_64-fedora-clang, r-devel-linux-x86_64-fedora-gcc, r-devel-windows-ix86+x86_64, r-patched-linux-x86_64, r-patched-solaris-x86, r-release-linux-x86_64, r-release-osx-x86_64, r-release-windows-ix86+x86_64, r-oldrel-osx-x86_64, r-oldrel-windows-ix86+x86_64