CRAN Package Check Results for Package DstarM

Last updated on 2024-04-20 16:54:14 CEST.

Flavor Version Tinstall Tcheck Ttotal Status Flags
r-devel-linux-x86_64-debian-clang 0.4.0 45.62 94.80 140.42 NOTE
r-devel-linux-x86_64-debian-gcc 0.4.0 36.67 70.25 106.92 NOTE
r-devel-linux-x86_64-fedora-clang 0.4.0 189.07 NOTE
r-devel-linux-x86_64-fedora-gcc 0.4.0 183.95 NOTE
r-prerel-macos-arm64 0.4.0 47.00 NOTE
r-prerel-windows-x86_64 0.4.0 38.00 109.00 147.00 NOTE
r-patched-linux-x86_64 0.4.0 56.27 92.11 148.38 NOTE
r-release-linux-x86_64 0.4.0 44.96 95.29 140.25 NOTE
r-release-macos-arm64 0.4.0 54.00 NOTE
r-release-macos-x86_64 0.4.0 91.00 NOTE
r-release-windows-x86_64 0.4.0 48.00 130.00 178.00 NOTE
r-oldrel-macos-arm64 0.4.0 49.00 NOTE
r-oldrel-windows-x86_64 0.4.0 47.00 127.00 174.00 NOTE

Check Details

Version: 0.4.0
Check: LazyData
Result: NOTE 'LazyData' is specified without a 'data' directory Flavors: r-devel-linux-x86_64-debian-clang, r-devel-linux-x86_64-debian-gcc, r-devel-linux-x86_64-fedora-clang, r-devel-linux-x86_64-fedora-gcc, r-prerel-macos-arm64, r-prerel-windows-x86_64, r-patched-linux-x86_64, r-release-linux-x86_64, r-release-macos-arm64, r-release-macos-x86_64, r-release-windows-x86_64, r-oldrel-macos-arm64, r-oldrel-windows-x86_64

Version: 0.4.0
Check: dependencies in R code
Result: NOTE Namespace in Imports field not imported from: ‘Rcpp’ All declared Imports should be used. Flavors: r-devel-linux-x86_64-fedora-clang, r-devel-linux-x86_64-fedora-gcc, r-oldrel-macos-arm64