CRAN Package Check Results for Package DriftBurstHypothesis

Last updated on 2024-02-23 16:53:16 CET.

Flavor Version Tinstall Tcheck Ttotal Status Flags
r-devel-linux-x86_64-debian-clang 0.4.0.1 NOTE
r-devel-linux-x86_64-debian-gcc 0.4.0.1 37.02 48.81 85.83 NOTE
r-devel-linux-x86_64-fedora-clang 0.4.0.1 140.21 NOTE
r-devel-linux-x86_64-fedora-gcc 0.4.0.1 133.41 NOTE
r-devel-windows-x86_64 0.4.0.1 38.00 75.00 113.00 NOTE
r-patched-linux-x86_64 0.4.0.1 44.05 50.27 94.32 NOTE
r-release-linux-x86_64 0.4.0.1 41.97 51.62 93.59 NOTE
r-release-macos-arm64 0.4.0.1 38.00 NOTE
r-release-macos-x86_64 0.4.0.1 59.00 NOTE
r-release-windows-x86_64 0.4.0.1 48.00 85.00 133.00 NOTE
r-oldrel-macos-arm64 0.4.0.1 39.00 OK
r-oldrel-windows-x86_64 0.4.0.1 48.00 84.00 132.00 OK

Check Details

Version: 0.4.0.1
Check: C++ specification
Result: NOTE Specified C++11: please drop specification unless essential Flavors: r-devel-linux-x86_64-debian-clang, r-devel-linux-x86_64-debian-gcc, r-devel-linux-x86_64-fedora-clang, r-devel-linux-x86_64-fedora-gcc, r-devel-windows-x86_64, r-patched-linux-x86_64, r-release-linux-x86_64, r-release-macos-arm64, r-release-macos-x86_64, r-release-windows-x86_64