CRAN Package Check Results for Package DrDimont

Last updated on 2024-02-29 04:54:13 CET.

Flavor Version Tinstall Tcheck Ttotal Status Flags
r-devel-linux-x86_64-debian-clang 0.1.4 9.44 92.83 102.27 NOTE
r-devel-linux-x86_64-debian-gcc 0.1.4 6.78 68.58 75.36 NOTE
r-devel-linux-x86_64-fedora-clang 0.1.4 127.22 NOTE
r-devel-linux-x86_64-fedora-gcc 0.1.4 137.29 NOTE
r-devel-windows-x86_64 0.1.4 9.00 105.00 114.00 OK
r-patched-linux-x86_64 0.1.4 6.72 87.30 94.02 OK
r-release-linux-x86_64 0.1.4 5.55 88.65 94.20 OK
r-release-macos-arm64 0.1.4 54.00 OK
r-release-macos-x86_64 0.1.4 77.00 OK
r-release-windows-x86_64 0.1.4 13.00 122.00 135.00 OK
r-oldrel-macos-arm64 0.1.4 40.00 OK
r-oldrel-windows-x86_64 0.1.4 12.00 114.00 126.00 OK

Check Details

Version: 0.1.4
Check: Rd files
Result: NOTE checkRd: (-1) generate_individual_graphs.Rd:11: Lost braces 11 | code{\link[DrDimont]{compute_correlation_matrices}}} | ^ Flavors: r-devel-linux-x86_64-debian-clang, r-devel-linux-x86_64-debian-gcc, r-devel-linux-x86_64-fedora-clang, r-devel-linux-x86_64-fedora-gcc