Last updated on 2023-12-06 16:53:09 CET.
Flavor | Version | Tinstall | Tcheck | Ttotal | Status | Flags |
---|---|---|---|---|---|---|
r-devel-linux-x86_64-debian-clang | 0.5.3 | 15.52 | 394.54 | 410.06 | OK | |
r-devel-linux-x86_64-debian-gcc | 0.5.3 | 12.59 | 293.13 | 305.72 | OK | |
r-devel-linux-x86_64-fedora-clang | 0.5.3 | 514.83 | OK | |||
r-devel-linux-x86_64-fedora-gcc | 0.5.3 | 513.06 | OK | |||
r-devel-windows-x86_64 | 0.5.3 | 12.00 | 288.00 | 300.00 | OK | |
r-patched-linux-x86_64 | 0.5.3 | 14.88 | 375.92 | 390.80 | OK | |
r-release-linux-x86_64 | 0.5.3 | 12.44 | 368.79 | 381.23 | OK | |
r-release-macos-arm64 | 0.5.3 | 158.00 | OK | |||
r-release-macos-x86_64 | 0.5.3 | 269.00 | NOTE | |||
r-release-windows-x86_64 | 0.5.3 | 17.00 | 375.00 | 392.00 | OK | |
r-oldrel-macos-arm64 | 0.5.3 | 134.00 | OK | |||
r-oldrel-macos-x86_64 | 0.5.3 | 173.00 | OK | |||
r-oldrel-windows-x86_64 | 0.5.3 | 17.00 | 379.00 | 396.00 | OK |
Version: 0.5.3
Check: package dependencies
Result: NOTE
Package suggested but not available for checking: ‘AER’
Flavor: r-release-macos-x86_64