CRAN Package Check Results for Package DominoDataR

Last updated on 2024-03-02 16:54:43 CET.

Flavor Version Tinstall Tcheck Ttotal Status Flags
r-devel-linux-x86_64-debian-clang 0.2.3 7.73 93.94 101.67 NOTE
r-devel-linux-x86_64-debian-gcc 0.2.3 7.49 70.30 77.79 NOTE
r-devel-linux-x86_64-fedora-clang 0.2.3 125.71 NOTE
r-devel-linux-x86_64-fedora-gcc 0.2.3 116.13 NOTE
r-devel-windows-x86_64 0.2.3 10.00 107.00 117.00 OK
r-patched-linux-x86_64 0.2.3 8.58 89.97 98.55 OK
r-release-linux-x86_64 0.2.3 8.64 91.57 100.21 OK
r-release-macos-arm64 0.2.3 42.00 OK
r-release-macos-x86_64 0.2.3 97.00 OK
r-release-windows-x86_64 0.2.3 10.00 105.00 115.00 OK
r-oldrel-macos-arm64 0.2.3 41.00 OK
r-oldrel-windows-x86_64 0.2.3 11.00 110.00 121.00 OK

Check Details

Version: 0.2.3
Check: Rd files
Result: NOTE checkRd: (-1) py_select_interpreter.Rd:5: Lost braces; missing escapes or markup? 5 | \title{Tell {reticulate} to use Python Conda version available on Domino Data Lab.} | ^ Flavors: r-devel-linux-x86_64-debian-clang, r-devel-linux-x86_64-debian-gcc, r-devel-linux-x86_64-fedora-clang, r-devel-linux-x86_64-fedora-gcc