Last updated on 2023-11-28 16:48:16 CET.
Flavor | Version | Tinstall | Tcheck | Ttotal | Status | Flags |
---|---|---|---|---|---|---|
r-devel-linux-x86_64-debian-clang | 0.12 | 8.74 | 110.13 | 118.87 | NOTE | |
r-devel-linux-x86_64-debian-gcc | 0.12 | 5.68 | 84.58 | 90.26 | NOTE | |
r-devel-linux-x86_64-fedora-clang | 0.12 | 144.68 | OK | |||
r-devel-linux-x86_64-fedora-gcc | 0.12 | 151.18 | OK | |||
r-devel-windows-x86_64 | 0.12 | 10.00 | 107.00 | 117.00 | OK | |
r-patched-linux-x86_64 | 0.12 | 12.07 | 108.29 | 120.36 | OK | |
r-release-linux-x86_64 | 0.12 | 7.22 | 106.91 | 114.13 | OK | |
r-release-macos-arm64 | 0.12 | 53.00 | OK | |||
r-release-macos-x86_64 | 0.12 | 128.00 | OK | |||
r-release-windows-x86_64 | 0.12 | 14.00 | 121.00 | 135.00 | OK | |
r-oldrel-macos-arm64 | 0.12 | 53.00 | OK | |||
r-oldrel-macos-x86_64 | 0.12 | 74.00 | OK | |||
r-oldrel-windows-x86_64 | 0.12 | 14.00 | 123.00 | 137.00 | OK |
Version: 0.12
Check: Rd files
Result: NOTE
checkRd: (-1) rsmformula.Rd:96: Lost braces
96 | URL{http://www.jstatsoft.org/v32/i07/}.
| ^
Flavors: r-devel-linux-x86_64-debian-clang, r-devel-linux-x86_64-debian-gcc