CRAN Package Check Results for Package DoE.base

Last updated on 2020-08-10 06:47:23 CEST.

Flavor Version Tinstall Tcheck Ttotal Status Flags
r-devel-linux-x86_64-debian-clang 1.1-5 16.43 109.65 126.08 OK
r-devel-linux-x86_64-debian-gcc 1.1-5 13.07 81.09 94.16 OK
r-devel-linux-x86_64-fedora-clang 1.1-5 154.13 NOTE
r-devel-linux-x86_64-fedora-gcc 1.1-5 146.12 OK
r-devel-windows-ix86+x86_64 1.1-5 32.00 156.00 188.00 OK
r-patched-linux-x86_64 1.1-5 16.02 108.26 124.28 OK
r-patched-solaris-x86 1.1-5 186.10 OK
r-release-linux-x86_64 1.1-5 16.26 107.90 124.16 OK
r-release-macos-x86_64 1.1-5 OK
r-release-windows-ix86+x86_64 1.1-5 33.00 114.00 147.00 OK
r-oldrel-macos-x86_64 1.1-5 OK
r-oldrel-windows-ix86+x86_64 1.1-5 19.00 117.00 136.00 OK

Check Details

Version: 1.1-5
Check: Rd cross-references
Result: NOTE
    Undeclared packages ‘FrF2’, ‘DoE.wrapper’, ‘sfsmisc’, ‘DoE.MIParray’, ‘planor’ in Rd xrefs
Flavor: r-devel-linux-x86_64-fedora-clang