CRAN Package Check Results for Package DiversityOccupancy

Last updated on 2020-08-13 15:51:00 CEST.

Flavor Version Tinstall Tcheck Ttotal Status Flags
r-devel-linux-x86_64-debian-clang 1.0.6 19.03 170.59 189.62 OK
r-devel-linux-x86_64-debian-gcc 1.0.6 18.26 128.65 146.91 OK
r-devel-linux-x86_64-fedora-clang 1.0.6 241.00 OK
r-devel-linux-x86_64-fedora-gcc 1.0.6 229.33 OK
r-devel-windows-ix86+x86_64 1.0.6 55.00 238.00 293.00 OK
r-patched-linux-x86_64 1.0.6 21.00 163.34 184.34 OK
r-patched-solaris-x86 1.0.6 326.60 OK
r-release-linux-x86_64 1.0.6 22.60 162.24 184.84 OK
r-release-macos-x86_64 1.0.6 OK
r-release-windows-ix86+x86_64 1.0.6 52.00 228.00 280.00 OK
r-oldrel-macos-x86_64 1.0.6 WARN
r-oldrel-windows-ix86+x86_64 1.0.6 35.00 129.00 164.00 OK

Check Details

Version: 1.0.6
Check: whether package can be installed
Result: WARN
    Found the following significant warnings:
     Warning: 'rgl_init' failed, running with rgl.useNULL = TRUE
Flavor: r-oldrel-macos-x86_64