Last updated on 2023-12-02 16:49:11 CET.
Flavor | Version | Tinstall | Tcheck | Ttotal | Status | Flags |
---|---|---|---|---|---|---|
r-devel-linux-x86_64-debian-clang | 2.1-0 | 6.18 | 52.55 | 58.73 | OK | |
r-devel-linux-x86_64-debian-gcc | 2.1-0 | 4.94 | 40.58 | 45.52 | OK | |
r-devel-linux-x86_64-fedora-clang | 2.1-0 | 77.37 | OK | |||
r-devel-linux-x86_64-fedora-gcc | 2.1-0 | 119.44 | OK | |||
r-devel-windows-x86_64 | 2.1-0 | 6.00 | 62.00 | 68.00 | OK | |
r-patched-linux-x86_64 | 2.1-0 | 6.60 | 51.88 | 58.48 | OK | |
r-release-linux-x86_64 | 2.1-0 | 6.15 | 50.89 | 57.04 | NOTE | |
r-release-macos-arm64 | 2.1-0 | 55.00 | OK | |||
r-release-macos-x86_64 | 2.1-0 | 73.00 | OK | |||
r-release-windows-x86_64 | 2.1-0 | 8.00 | 69.00 | 77.00 | OK | |
r-oldrel-macos-arm64 | 2.1-0 | 39.00 | OK | |||
r-oldrel-macos-x86_64 | 2.1-0 | 47.00 | NOTE | |||
r-oldrel-windows-x86_64 | 2.1-0 | 8.00 | 75.00 | 83.00 | OK |
Version: 2.1-0
Check: package dependencies
Result: NOTE
Package suggested but not available for checking: ‘rlibkriging’
Flavors: r-release-linux-x86_64, r-oldrel-macos-x86_64