Last updated on 2023-12-04 16:53:24 CET.
Flavor | Version | Tinstall | Tcheck | Ttotal | Status | Flags |
---|---|---|---|---|---|---|
r-devel-linux-x86_64-debian-clang | 1.0.10 | 16.75 | 266.90 | 283.65 | NOTE | |
r-devel-linux-x86_64-debian-gcc | 1.0.10 | 18.71 | 200.03 | 218.74 | NOTE | |
r-devel-linux-x86_64-fedora-clang | 1.0.10 | 354.40 | NOTE | |||
r-devel-linux-x86_64-fedora-gcc | 1.0.10 | 341.76 | NOTE | |||
r-devel-windows-x86_64 | 1.0.10 | 22.00 | 266.00 | 288.00 | OK | |
r-patched-linux-x86_64 | 1.0.10 | 18.95 | 256.36 | 275.31 | OK | |
r-release-linux-x86_64 | 1.0.10 | 13.77 | 255.52 | 269.29 | OK | |
r-release-macos-arm64 | 1.0.10 | 97.00 | OK | |||
r-release-macos-x86_64 | 1.0.10 | 227.00 | OK | |||
r-release-windows-x86_64 | 1.0.10 | 29.00 | 335.00 | 364.00 | OK | |
r-oldrel-macos-arm64 | 1.0.10 | 87.00 | OK | |||
r-oldrel-macos-x86_64 | 1.0.10 | 116.00 | OK | |||
r-oldrel-windows-x86_64 | 1.0.10 | 29.00 | 293.00 | 322.00 | OK |
Version: 1.0.10
Check: Rd files
Result: NOTE
checkRd: (-1) grViz.Rd:44: Lost braces
44 | pkg{htmlwidgets}.
| ^
Flavors: r-devel-linux-x86_64-debian-clang, r-devel-linux-x86_64-debian-gcc
Version: 1.0.10
Check: data for non-ASCII characters
Result: NOTE
Note: found 1 marked UTF-8 string
Flavors: r-devel-linux-x86_64-fedora-clang, r-devel-linux-x86_64-fedora-gcc