CRAN Package Check Results for Package Deriv

Last updated on 2023-12-01 04:53:52 CET.

Flavor Version Tinstall Tcheck Ttotal Status Flags
r-devel-linux-x86_64-debian-clang 4.1.3 5.53 44.81 50.34 NOTE
r-devel-linux-x86_64-debian-gcc 4.1.3 3.23 32.98 36.21 NOTE
r-devel-linux-x86_64-fedora-clang 4.1.3 62.18 OK
r-devel-linux-x86_64-fedora-gcc 4.1.3 60.89 OK
r-devel-windows-x86_64 4.1.3 4.00 53.00 57.00 OK
r-patched-linux-x86_64 4.1.3 5.57 43.10 48.67 OK
r-release-linux-x86_64 4.1.3 4.03 43.39 47.42 OK
r-release-macos-arm64 4.1.3 22.00 OK
r-release-macos-x86_64 4.1.3 33.00 OK
r-release-windows-x86_64 4.1.3 4.00 57.00 61.00 OK
r-oldrel-macos-arm64 4.1.3 26.00 OK
r-oldrel-macos-x86_64 4.1.3 31.00 OK
r-oldrel-windows-x86_64 4.1.3 7.00 63.00 70.00 OK

Check Details

Version: 4.1.3
Check: Rd files
Result: NOTE checkRd: (-1) Deriv.Rd:33: Lost braces 33 | guessed either from\ code{names(formals(f))} (if \code{f} is a function) | ^ Flavors: r-devel-linux-x86_64-debian-clang, r-devel-linux-x86_64-debian-gcc