CRAN Package Check Results for Package DepthProc

Last updated on 2023-12-04 16:53:24 CET.

Flavor Version Tinstall Tcheck Ttotal Status Flags
r-devel-linux-x86_64-debian-clang 2.1.5 191.61 190.76 382.37 NOTE
r-devel-linux-x86_64-debian-gcc 2.1.5 124.97 131.90 256.87 NOTE
r-devel-linux-x86_64-fedora-clang 2.1.5 572.31 NOTE
r-devel-linux-x86_64-fedora-gcc 2.1.5 523.26 NOTE
r-devel-windows-x86_64 2.1.5 143.00 168.00 311.00 NOTE
r-patched-linux-x86_64 2.1.5 140.02 168.34 308.36 NOTE
r-release-linux-x86_64 2.1.5 159.11 167.84 326.95 NOTE
r-release-macos-arm64 2.1.5 120.00 NOTE
r-release-macos-x86_64 2.1.5 216.00 NOTE
r-release-windows-x86_64 2.1.5 184.00 210.00 394.00 NOTE
r-oldrel-macos-arm64 2.1.5 109.00 NOTE
r-oldrel-macos-x86_64 2.1.5 207.00 OK
r-oldrel-windows-x86_64 2.1.5 183.00 204.00 387.00 OK

Check Details

Version: 2.1.5
Check: C++ specification
Result: NOTE Specified C++11: please drop specification unless essential Flavors: r-devel-linux-x86_64-debian-clang, r-devel-linux-x86_64-debian-gcc, r-devel-linux-x86_64-fedora-clang, r-devel-linux-x86_64-fedora-gcc, r-devel-windows-x86_64, r-patched-linux-x86_64, r-release-linux-x86_64, r-release-macos-arm64, r-release-macos-x86_64, r-release-windows-x86_64

Version: 2.1.5
Check: Rd files
Result: NOTE checkRd: (-1) asymmetryCurve.Rd:38: Lost braces; missing escapes or markup? 38 | For sample depth function \eqn{ D({x}, {{{Z}} ^ {n}}) }, \eqn{ {x} \in {{{R}} ^ {d}} }, \eqn{ d \ge 2 }, \eqn{ {Z} ^ {n} = \{{{{z}}_{1}}, ..., {{{z}}_{n}}\} \subset {{{R}} ^ {d}} }, \eqn{ {{D}_{\alpha}}({{{Z}} ^ {n}}) } denoting \eqn{ \alpha } --- central region, we can define {the asymmetry curve} \eqn{ AC(\alpha) = \left(\alpha, \left\| {{c} ^ {-1}}(\{{\bar{z}} - med|{{D}_{\alpha}}({{{Z}} ^ {n}})\}) \right\|\right) \subset {{{R}} ^ {2}} }, for \eqn{ \alpha \in [0, 1] } being nonparametric scale and asymmetry functional correspondingly, where \eqn{ c } --- denotes constant, \eqn{ {\bar{z}} } --- denotes mean vector, denotes multivariate median induced by depth function and \eqn{ vol } --- denotes a volume. | ^ checkRd: (-1) mWilcoxonTest.Rd:26: Lost braces; missing escapes or markup? 26 | Properties of the DD plot based statistics in the i.i.d setting were studied by Li & Liu (2004). Authors proposed several DD-plot based statistics and presented bootstrap arguments for their consistency and good effectiveness in comparison to Hotelling \eqn{ T ^ 2 } and multivariate analogues of Ansari-Bradley and Tukey-Siegel statistics. Asymptotic distributions of depth based multivariate Wilcoxon rank-sum test statistic under the null and general alternative hypotheses were obtained by Zuo & He (2006). Several properties of the depth based rang test involving its unbiasedness was critically discussed by Jureckova & Kalina (2012). Basing on DD-plot object, which is available within the \pkg{DepthProc} it is possible to define several multivariate generalizations of one-dimensional rank and order statistics in an easy way. These generalizations cover well known {Wilcoxon rang-sum statistic}. | ^ Flavors: r-devel-linux-x86_64-debian-clang, r-devel-linux-x86_64-debian-gcc

Version: 2.1.5
Check: installed package size
Result: NOTE installed size is 5.1Mb sub-directories of 1Mb or more: libs 4.1Mb Flavors: r-release-macos-arm64, r-oldrel-macos-arm64