CRAN Package Check Results for Package DepLogo

Last updated on 2020-06-02 03:47:46 CEST.

Flavor Version Tinstall Tcheck Ttotal Status Flags
r-devel-linux-x86_64-debian-clang 1.0 3.55 273.30 276.85 OK
r-devel-linux-x86_64-debian-gcc 1.0 2.69 190.40 193.09 OK
r-devel-linux-x86_64-fedora-clang 1.0 332.43 NOTE
r-devel-linux-x86_64-fedora-gcc 1.0 324.69 OK
r-devel-windows-ix86+x86_64 1.0 12.00 313.00 325.00 WARN
r-patched-linux-x86_64 1.0 3.36 246.80 250.16 OK
r-patched-solaris-x86 1.0 388.30 NOTE
r-release-linux-x86_64 1.0 3.70 248.98 252.68 OK
r-release-osx-x86_64 1.0 NOTE
r-release-windows-ix86+x86_64 1.0 10.00 285.00 295.00 NOTE
r-oldrel-osx-x86_64 1.0 NOTE
r-oldrel-windows-ix86+x86_64 1.0 12.00 282.00 294.00 NOTE

Check Details

Version: 1.0
Check: installed package size
Result: NOTE
     installed size is 7.2Mb
     sub-directories of 1Mb or more:
     doc 4.9Mb
     extdata 2.1Mb
Flavors: r-devel-linux-x86_64-fedora-clang, r-devel-windows-ix86+x86_64, r-patched-solaris-x86, r-release-osx-x86_64, r-release-windows-ix86+x86_64, r-oldrel-osx-x86_64, r-oldrel-windows-ix86+x86_64

Version: 1.0
Check: whether package can be installed
Result: WARN
    Found the following significant warnings:
     Warning: S4 exports specified in 'NAMESPACE' but not defined in package 'DepLogo'
Flavor: r-devel-windows-ix86+x86_64