CRAN Package Check Results for Package DemographicTable

Last updated on 2024-03-02 16:54:43 CET.

Flavor Version Tinstall Tcheck Ttotal Status Flags
r-devel-linux-x86_64-debian-clang 0.1.6 6.32 61.44 67.76 NOTE
r-devel-linux-x86_64-debian-gcc 0.1.6 5.03 46.69 51.72 NOTE
r-devel-linux-x86_64-fedora-clang 0.1.6 87.83 NOTE
r-devel-linux-x86_64-fedora-gcc 0.1.6 86.58 NOTE
r-devel-windows-x86_64 0.1.6 7.00 66.00 73.00 OK
r-patched-linux-x86_64 0.1.6 4.58 60.19 64.77 OK
r-release-linux-x86_64 0.1.6 4.83 60.83 65.66 OK
r-release-macos-arm64 0.1.6 27.00 OK
r-release-macos-x86_64 0.1.6 43.00 OK
r-release-windows-x86_64 0.1.6 9.00 77.00 86.00 OK
r-oldrel-macos-arm64 0.1.6 23.00 OK
r-oldrel-windows-x86_64 0.1.6 10.00 81.00 91.00 OK

Check Details

Version: 0.1.6
Check: Rd files
Result: NOTE checkRd: (-1) pval_shapiro.Rd:25: Lost braces in \itemize; meant \describe ? checkRd: (-1) pval_shapiro.Rd:26: Lost braces in \itemize; meant \describe ? checkRd: (-1) pval_shapiro.Rd:27: Lost braces in \itemize; meant \describe ? checkRd: (-1) pval_shapiro.Rd:28: Lost braces in \itemize; meant \describe ? checkRd: (-1) pval_shapiro.Rd:29: Lost braces in \itemize; meant \describe ? Flavors: r-devel-linux-x86_64-debian-clang, r-devel-linux-x86_64-debian-gcc, r-devel-linux-x86_64-fedora-clang, r-devel-linux-x86_64-fedora-gcc