CRAN Package Check Results for Package Delaporte

Last updated on 2020-08-13 15:51:00 CEST.

Flavor Version Tinstall Tcheck Ttotal Status Flags
r-devel-linux-x86_64-debian-clang 7.0.3 3.63 52.29 55.92 OK
r-devel-linux-x86_64-debian-gcc 7.0.3 2.74 36.41 39.15 OK
r-devel-linux-x86_64-fedora-clang 7.0.3 74.33 NOTE
r-devel-linux-x86_64-fedora-gcc 7.0.3 63.84 OK
r-devel-windows-ix86+x86_64 7.0.3 16.00 118.00 134.00 OK
r-patched-linux-x86_64 7.0.3 3.21 49.99 53.20 OK
r-patched-solaris-x86 7.0.3 105.80 OK
r-release-linux-x86_64 7.0.3 3.49 49.83 53.32 OK
r-release-macos-x86_64 7.0.3 OK
r-release-windows-ix86+x86_64 7.0.3 14.00 112.00 126.00 OK
r-oldrel-macos-x86_64 7.0.3 OK
r-oldrel-windows-ix86+x86_64 7.0.3 12.00 99.00 111.00 OK

Check Details

Version: 7.0.3
Check: Rd cross-references
Result: NOTE
    Undeclared packages ‘e1071’, ‘nloptr’ in Rd xrefs
Flavor: r-devel-linux-x86_64-fedora-clang