Last updated on 2023-11-30 16:49:19 CET.
Flavor | Version | Tinstall | Tcheck | Ttotal | Status | Flags |
---|---|---|---|---|---|---|
r-devel-linux-x86_64-debian-clang | 1.2.1 | 175.10 | 104.35 | 279.45 | NOTE | |
r-devel-linux-x86_64-debian-gcc | 1.2.1 | 116.94 | 77.93 | 194.87 | NOTE | |
r-devel-linux-x86_64-fedora-clang | 1.2.1 | 404.78 | NOTE | |||
r-devel-linux-x86_64-fedora-gcc | 1.2.1 | 406.08 | NOTE | |||
r-devel-windows-x86_64 | 1.2.1 | 130.00 | 137.00 | 267.00 | NOTE | |
r-patched-linux-x86_64 | 1.2.1 | 103.46 | 96.14 | 199.60 | NOTE | |
r-release-linux-x86_64 | 1.2.1 | 113.83 | 92.21 | 206.04 | NOTE | |
r-release-macos-arm64 | 1.2.1 | 84.00 | NOTE | |||
r-release-macos-x86_64 | 1.2.1 | 132.00 | NOTE | |||
r-release-windows-x86_64 | 1.2.1 | 177.00 | 145.00 | 322.00 | NOTE | |
r-oldrel-macos-arm64 | 1.2.1 | 87.00 | NOTE | |||
r-oldrel-macos-x86_64 | 1.2.1 | 119.00 | NOTE | |||
r-oldrel-windows-x86_64 | 1.2.1 | 162.00 | 137.00 | 299.00 | NOTE |
Version: 1.2.1
Check: for GNU extensions in Makefiles
Result: NOTE
GNU make is a SystemRequirements.
Flavors: r-devel-linux-x86_64-debian-clang, r-devel-linux-x86_64-debian-gcc, r-devel-linux-x86_64-fedora-clang, r-devel-linux-x86_64-fedora-gcc, r-devel-windows-x86_64, r-patched-linux-x86_64, r-release-linux-x86_64, r-release-macos-arm64, r-release-macos-x86_64, r-release-windows-x86_64, r-oldrel-macos-arm64, r-oldrel-macos-x86_64, r-oldrel-windows-x86_64
Version: 1.2.1
Check: Rd cross-references
Result: NOTE
Undeclared package ‘DRquality’ in Rd xrefs
Flavor: r-devel-linux-x86_64-fedora-clang
Version: 1.2.1
Check: installed package size
Result: NOTE
installed size is 7.0Mb
sub-directories of 1Mb or more:
doc 2.8Mb
libs 3.9Mb
Flavors: r-release-macos-arm64, r-release-macos-x86_64, r-oldrel-macos-arm64, r-oldrel-macos-x86_64