Last updated on 2025-01-21 16:50:03 CET.
Flavor | Version | Tinstall | Tcheck | Ttotal | Status | Flags |
---|---|---|---|---|---|---|
r-devel-linux-x86_64-debian-clang | 1.3.2 | 31.65 | 198.05 | 229.70 | NOTE | |
r-devel-linux-x86_64-debian-gcc | 1.3.2 | 20.95 | 127.44 | 148.39 | NOTE | |
r-devel-linux-x86_64-fedora-clang | 1.3.2 | 388.49 | OK | |||
r-devel-linux-x86_64-fedora-gcc | 1.3.2 | 403.51 | OK | |||
r-devel-windows-x86_64 | 1.3.2 | 34.00 | 229.00 | 263.00 | NOTE | |
r-patched-linux-x86_64 | 1.3.2 | 33.98 | 189.35 | 223.33 | OK | |
r-release-linux-x86_64 | 1.3.2 | 28.29 | 195.16 | 223.45 | OK | |
r-release-macos-arm64 | 1.3.2 | 83.00 | OK | |||
r-release-macos-x86_64 | 1.3.2 | 133.00 | OK | |||
r-release-windows-x86_64 | 1.3.2 | 36.00 | 220.00 | 256.00 | OK | |
r-oldrel-macos-arm64 | 1.3.2 | 86.00 | OK | |||
r-oldrel-macos-x86_64 | 1.3.2 | 222.00 | OK | |||
r-oldrel-windows-x86_64 | 1.3.2 | 39.00 | 256.00 | 295.00 | OK |
Version: 1.3.2
Check: Rd cross-references
Result: NOTE
Found the following Rd file(s) with Rd \link{} targets missing package
anchors:
stat_pde_density.Rd: aes, aes_, ggplot, fortify, layer, borders
Please provide package anchors for all Rd \link{} targets not in the
package itself and the base packages.
Flavors: r-devel-linux-x86_64-debian-clang, r-devel-linux-x86_64-debian-gcc, r-devel-windows-x86_64