CRAN Package Check Results for Package DataVisualizations

Last updated on 2020-08-08 03:50:36 CEST.

Flavor Version Tinstall Tcheck Ttotal Status Flags
r-devel-linux-x86_64-debian-clang 1.2.0 55.91 377.59 433.50 OK
r-devel-linux-x86_64-debian-gcc 1.2.0 40.99 310.83 351.82 OK
r-devel-linux-x86_64-fedora-clang 1.2.0 531.03 NOTE
r-devel-linux-x86_64-fedora-gcc 1.2.0 524.08 OK
r-devel-windows-ix86+x86_64 1.2.0 154.00 459.00 613.00 NOTE
r-patched-linux-x86_64 1.2.0 43.58 382.11 425.69 OK
r-patched-solaris-x86 1.2.0 688.50 OK
r-release-linux-x86_64 1.2.0 42.26 375.48 417.74 OK
r-release-macos-x86_64 1.2.0 OK
r-release-windows-ix86+x86_64 1.2.0 148.00 473.00 621.00 NOTE
r-oldrel-macos-x86_64 1.2.0 OK
r-oldrel-windows-ix86+x86_64 1.2.0 134.00 339.00 473.00 OK

Check Details

Version: 1.2.0
Check: Rd cross-references
Result: NOTE
    Undeclared package ‘FCPS’ in Rd xrefs
Flavor: r-devel-linux-x86_64-fedora-clang

Version: 1.2.0
Check: installed package size
Result: NOTE
     installed size is 5.2Mb
     sub-directories of 1Mb or more:
     doc 1.7Mb
     libs 2.1Mb
Flavors: r-devel-windows-ix86+x86_64, r-release-windows-ix86+x86_64