CRAN Package Check Results for Package DataEntry

Last updated on 2020-08-06 15:49:27 CEST.

Flavor Version Tinstall Tcheck Ttotal Status Flags
r-devel-linux-x86_64-debian-clang 0.9-3 7.86 52.66 60.52 NOTE
r-devel-linux-x86_64-debian-gcc 0.9-3 6.37 41.28 47.65 NOTE
r-devel-linux-x86_64-fedora-clang 0.9-3 80.96 NOTE
r-devel-linux-x86_64-fedora-gcc 0.9-3 70.54 OK
r-devel-windows-ix86+x86_64 0.9-3 19.00 63.00 82.00 OK
r-patched-linux-x86_64 0.9-3 8.70 51.30 60.00 NOTE
r-patched-solaris-x86 0.9-3 116.70 OK
r-release-linux-x86_64 0.9-3 7.50 52.29 59.79 NOTE
r-release-macos-x86_64 0.9-3 OK
r-release-windows-ix86+x86_64 0.9-3 18.00 85.00 103.00 OK
r-oldrel-macos-x86_64 0.9-3 ERROR
r-oldrel-windows-ix86+x86_64 0.9-3 12.00 64.00 76.00 OK

Check Details

Version: 0.9-3
Check: R code for possible problems
Result: NOTE
    Found the following assignments to the global environment:
    File 'DataEntry/R/Export.R':
     assign(svalue(edObnm), d, envir = .GlobalEnv)
Flavors: r-devel-linux-x86_64-debian-clang, r-devel-linux-x86_64-debian-gcc, r-devel-linux-x86_64-fedora-clang, r-patched-linux-x86_64, r-release-linux-x86_64

Version: 0.9-3
Check: package dependencies
Result: ERROR
    Package required but not available: ‘gWidgets2RGtk2’
    
    See section ‘The DESCRIPTION file’ in the ‘Writing R Extensions’
    manual.
Flavor: r-oldrel-macos-x86_64