Last updated on 2023-11-30 16:49:20 CET.
Flavor | Version | Tinstall | Tcheck | Ttotal | Status | Flags |
---|---|---|---|---|---|---|
r-devel-linux-x86_64-debian-clang | 0.9.6 | 13.07 | 173.77 | 186.84 | OK | |
r-devel-linux-x86_64-debian-gcc | 0.9.6 | 8.09 | 125.77 | 133.86 | OK | |
r-devel-linux-x86_64-fedora-clang | 0.9.6 | 224.95 | NOTE | |||
r-devel-linux-x86_64-fedora-gcc | 0.9.6 | 240.58 | OK | |||
r-devel-windows-x86_64 | 0.9.6 | 11.00 | 146.00 | 157.00 | NOTE | |
r-patched-linux-x86_64 | 0.9.6 | 7.48 | 160.03 | 167.51 | OK | |
r-release-linux-x86_64 | 0.9.6 | 6.85 | 157.98 | 164.83 | OK | |
r-release-macos-arm64 | 0.9.6 | 69.00 | NOTE | |||
r-release-macos-x86_64 | 0.9.6 | 175.00 | NOTE | |||
r-release-windows-x86_64 | 0.9.6 | 14.00 | 181.00 | 195.00 | NOTE | |
r-oldrel-macos-arm64 | 0.9.6 | 69.00 | NOTE | |||
r-oldrel-macos-x86_64 | 0.9.6 | 83.00 | NOTE | |||
r-oldrel-windows-x86_64 | 0.9.6 | 15.00 | 180.00 | 195.00 | NOTE |
Version: 0.9.6
Check: installed package size
Result: NOTE
installed size is 5.3Mb
sub-directories of 1Mb or more:
appinformation 4.1Mb
Flavors: r-devel-linux-x86_64-fedora-clang, r-devel-windows-x86_64, r-release-macos-arm64, r-release-macos-x86_64, r-release-windows-x86_64, r-oldrel-macos-arm64, r-oldrel-macos-x86_64, r-oldrel-windows-x86_64