CRAN Package Check Results for Package DPWeibull

Last updated on 2020-10-30 15:49:14 CET.

Flavor Version Tinstall Tcheck Ttotal Status Flags
r-devel-linux-x86_64-debian-clang 1.7 120.80 78.31 199.11 OK
r-devel-linux-x86_64-debian-gcc 1.7 87.33 60.32 147.65 OK
r-devel-linux-x86_64-fedora-clang 1.7 284.86 NOTE
r-devel-linux-x86_64-fedora-gcc 1.7 276.05 OK
r-devel-windows-ix86+x86_64 1.7 274.00 142.00 416.00 OK
r-patched-linux-x86_64 1.7 112.21 73.23 185.44 OK
r-patched-solaris-x86 1.7 266.30 OK
r-release-linux-x86_64 1.7 104.70 73.08 177.78 OK
r-release-macos-x86_64 1.7 OK
r-release-windows-ix86+x86_64 1.7 199.00 140.00 339.00 OK
r-oldrel-macos-x86_64 1.7 OK
r-oldrel-windows-ix86+x86_64 1.7 246.00 122.00 368.00 OK

Check Details

Version: 1.7
Check: installed package size
Result: NOTE
     installed size is 5.7Mb
     sub-directories of 1Mb or more:
     libs 5.5Mb
Flavor: r-devel-linux-x86_64-fedora-clang