CRAN Package Check Results for Package DMQ

Last updated on 2025-01-21 04:48:23 CET.

Flavor Version Tinstall Tcheck Ttotal Status Flags
r-devel-linux-x86_64-debian-clang 0.1.2 53.98 29.67 83.65 NOTE
r-devel-linux-x86_64-debian-gcc 0.1.2 35.24 22.84 58.08 NOTE
r-devel-linux-x86_64-fedora-clang 0.1.2 160.51 OK
r-devel-linux-x86_64-fedora-gcc 0.1.2 155.40 OK
r-devel-windows-x86_64 0.1.2 55.00 68.00 123.00 NOTE
r-patched-linux-x86_64 0.1.2 51.63 27.90 79.53 OK
r-release-linux-x86_64 0.1.2 50.78 28.20 78.98 OK
r-release-macos-arm64 0.1.2 38.00 OK
r-release-macos-x86_64 0.1.2 44.00 OK
r-release-windows-x86_64 0.1.2 55.00 72.00 127.00 OK
r-oldrel-macos-arm64 0.1.2 46.00 OK
r-oldrel-macos-x86_64 0.1.2 64.00 OK
r-oldrel-windows-x86_64 0.1.2 63.00 84.00 147.00 OK

Check Details

Version: 0.1.2
Check: Rd cross-references
Result: NOTE Found the following Rd file(s) with Rd \link{} targets missing package anchors: EstimateDMQ.rd: DEoptim fn.DEoptim.Rd: DEoptim fn.solnp.Rd: solnp Please provide package anchors for all Rd \link{} targets not in the package itself and the base packages. Flavors: r-devel-linux-x86_64-debian-clang, r-devel-linux-x86_64-debian-gcc, r-devel-windows-x86_64