CRAN Package Check Results for Package DLMtool

Last updated on 2020-09-20 16:14:15 CEST.

Flavor Version Tinstall Tcheck Ttotal Status Flags
r-devel-linux-x86_64-debian-clang 5.4.5 130.31 226.85 357.16 OK
r-devel-linux-x86_64-debian-gcc 5.4.5 104.70 166.09 270.79 OK
r-devel-linux-x86_64-fedora-clang 5.4.5 484.05 NOTE
r-devel-linux-x86_64-fedora-gcc 5.4.5 449.14 OK
r-devel-windows-ix86+x86_64 5.4.5 269.00 285.00 554.00 NOTE --no-vignettes
r-patched-linux-x86_64 5.4.5 108.19 221.44 329.63 OK
r-patched-solaris-x86 5.4.5 443.20 NOTE --no-build-vignettes
r-release-linux-x86_64 5.4.5 108.32 227.41 335.73 OK
r-release-macos-x86_64 5.4.5 NOTE
r-release-windows-ix86+x86_64 5.4.5 268.00 268.00 536.00 NOTE --no-vignettes
r-oldrel-macos-x86_64 5.4.5 NOTE
r-oldrel-windows-ix86+x86_64 5.4.5 173.00 317.00 490.00 NOTE --no-vignettes

Check Details

Version: 5.4.5
Check: installed package size
Result: NOTE
     installed size is 10.6Mb
     sub-directories of 1Mb or more:
     R 1.6Mb
     data 3.3Mb
     libs 4.6Mb
Flavors: r-devel-linux-x86_64-fedora-clang, r-release-macos-x86_64, r-oldrel-macos-x86_64

Version: 5.4.5
Flags: --no-vignettes
Check: installed package size
Result: NOTE
     installed size is 8.5Mb
     sub-directories of 1Mb or more:
     R 1.6Mb
     data 3.3Mb
     libs 2.5Mb
Flavors: r-devel-windows-ix86+x86_64, r-release-windows-ix86+x86_64, r-oldrel-windows-ix86+x86_64

Version: 5.4.5
Flags: --no-build-vignettes
Check: installed package size
Result: NOTE
     installed size is 6.7Mb
     sub-directories of 1Mb or more:
     R 1.8Mb
     data 3.4Mb
Flavor: r-patched-solaris-x86