CRAN Package Check Results for Package DHARMa

Last updated on 2020-09-20 16:14:14 CEST.

Flavor Version Tinstall Tcheck Ttotal Status Flags
r-devel-linux-x86_64-debian-clang 0.3.3.0 10.09 324.89 334.98 OK
r-devel-linux-x86_64-debian-gcc 0.3.3.0 9.32 232.97 242.29 OK
r-devel-linux-x86_64-fedora-clang 0.3.3.0 397.05 NOTE
r-devel-linux-x86_64-fedora-gcc 0.3.3.0 418.14 NOTE
r-devel-windows-ix86+x86_64 0.3.3.0 24.00 383.00 407.00 NOTE
r-patched-linux-x86_64 0.3.3.0 11.84 310.99 322.83 OK
r-patched-solaris-x86 0.3.3.0 571.20 NOTE
r-release-linux-x86_64 0.3.3.0 10.25 314.13 324.38 OK
r-release-macos-x86_64 0.3.3.0 NOTE
r-release-windows-ix86+x86_64 0.3.3.0 24.00 400.00 424.00 NOTE
r-oldrel-macos-x86_64 0.3.3.0 NOTE
r-oldrel-windows-ix86+x86_64 0.3.3.0 15.00 383.00 398.00 NOTE

Check Details

Version: 0.3.3.0
Check: installed package size
Result: NOTE
     installed size is 5.3Mb
     sub-directories of 1Mb or more:
     doc 4.9Mb
Flavors: r-devel-linux-x86_64-fedora-clang, r-devel-windows-ix86+x86_64, r-patched-solaris-x86, r-release-macos-x86_64, r-release-windows-ix86+x86_64, r-oldrel-macos-x86_64, r-oldrel-windows-ix86+x86_64

Version: 0.3.3.0
Check: dependencies in R code
Result: NOTE
    Namespace in Imports field not imported from: ‘mgcv’
     All declared Imports should be used.
Flavors: r-devel-linux-x86_64-fedora-clang, r-devel-linux-x86_64-fedora-gcc, r-patched-solaris-x86, r-release-macos-x86_64, r-oldrel-macos-x86_64