CRAN Package Check Results for Package DGEobj.utils

Last updated on 2024-02-23 05:07:17 CET.

Flavor Version Tinstall Tcheck Ttotal Status Flags
r-devel-linux-x86_64-debian-clang 1.0.6 NOTE
r-devel-linux-x86_64-debian-gcc 1.0.6 4.78 119.01 123.79 NOTE
r-devel-linux-x86_64-fedora-clang 1.0.6 210.65 NOTE
r-devel-linux-x86_64-fedora-gcc 1.0.6 221.58 NOTE
r-devel-windows-x86_64 1.0.6 7.00 150.00 157.00 OK
r-patched-linux-x86_64 1.0.6 7.48 157.48 164.96 OK
r-release-linux-x86_64 1.0.6 7.80 156.20 164.00 OK
r-release-macos-arm64 1.0.6 34.00 NOTE
r-release-macos-x86_64 1.0.6 57.00 NOTE
r-release-windows-x86_64 1.0.6 9.00 175.00 184.00 OK
r-oldrel-macos-arm64 1.0.6 74.00 OK
r-oldrel-windows-x86_64 1.0.6 9.00 178.00 187.00 OK

Check Details

Version: 1.0.6
Check: Rd files
Result: NOTE checkRd: (-1) runContrasts.Rd:79: Lost braces in \itemize; meant \describe ? checkRd: (-1) runContrasts.Rd:80: Lost braces in \itemize; meant \describe ? checkRd: (-1) runContrasts.Rd:81: Lost braces in \itemize; meant \describe ? checkRd: (-1) runContrasts.Rd:82: Lost braces in \itemize; meant \describe ? Flavors: r-devel-linux-x86_64-debian-clang, r-devel-linux-x86_64-debian-gcc, r-devel-linux-x86_64-fedora-clang, r-devel-linux-x86_64-fedora-gcc

Version: 1.0.6
Check: package dependencies
Result: NOTE Packages suggested but not available for checking: 'IHW', 'RNASeqPower', 'zFPKM' Flavors: r-release-macos-arm64, r-release-macos-x86_64