CRAN Package Check Results for Package DGCA

Last updated on 2020-08-07 15:48:39 CEST.

Flavor Version Tinstall Tcheck Ttotal Status Flags
r-devel-linux-x86_64-debian-clang 1.0.2 23.49 215.46 238.95 OK
r-devel-linux-x86_64-debian-gcc 1.0.2 19.52 160.07 179.59 OK
r-devel-linux-x86_64-fedora-clang 1.0.2 294.16 OK
r-devel-linux-x86_64-fedora-gcc 1.0.2 277.72 OK
r-devel-windows-ix86+x86_64 1.0.2 67.00 228.00 295.00 NOTE
r-patched-linux-x86_64 1.0.2 16.86 206.32 223.18 OK
r-patched-solaris-x86 1.0.2 411.60 OK
r-release-linux-x86_64 1.0.2 18.08 208.49 226.57 OK
r-release-macos-x86_64 1.0.2 OK
r-release-windows-ix86+x86_64 1.0.2 49.00 298.00 347.00 NOTE
r-oldrel-macos-x86_64 1.0.2 ERROR
r-oldrel-windows-ix86+x86_64 1.0.2 38.00 203.00 241.00 NOTE

Check Details

Version: 1.0.2
Check: package dependencies
Result: NOTE
    Package suggested but not available for checking: 'doMC'
Flavors: r-devel-windows-ix86+x86_64, r-release-windows-ix86+x86_64, r-oldrel-windows-ix86+x86_64

Version: 1.0.2
Check: package dependencies
Result: ERROR
    Package required but not available: ‘WGCNA’
    
    Package suggested but not available for checking: ‘org.Hs.eg.db’
    
    See section ‘The DESCRIPTION file’ in the ‘Writing R Extensions’
    manual.
Flavor: r-oldrel-macos-x86_64