CRAN Package Check Results for Package DEploid

Last updated on 2020-08-09 15:47:41 CEST.

Flavor Version Tinstall Tcheck Ttotal Status Flags
r-devel-linux-x86_64-debian-clang 0.5.3 94.11 207.72 301.83 OK
r-devel-linux-x86_64-debian-gcc 0.5.3 74.32 168.34 242.66 OK
r-devel-linux-x86_64-fedora-clang 0.5.3 407.20 NOTE
r-devel-linux-x86_64-fedora-gcc 0.5.3 400.20 OK
r-devel-windows-ix86+x86_64 0.5.3 226.00 566.00 792.00 OK
r-patched-linux-x86_64 0.5.3 80.53 225.69 306.22 OK
r-patched-solaris-x86 0.5.3 672.80 OK
r-release-linux-x86_64 0.5.3 77.12 224.35 301.47 OK
r-release-macos-x86_64 0.5.3 NOTE
r-release-windows-ix86+x86_64 0.5.3 243.00 562.00 805.00 OK
r-oldrel-macos-x86_64 0.5.3 NOTE
r-oldrel-windows-ix86+x86_64 0.5.3 167.00 486.00 653.00 OK

Check Details

Version: 0.5.3
Check: installed package size
Result: NOTE
     installed size is 9.0Mb
     sub-directories of 1Mb or more:
     libs 8.5Mb
Flavors: r-devel-linux-x86_64-fedora-clang, r-release-macos-x86_64, r-oldrel-macos-x86_64