CRAN Package Check Results for Package DEoptimR

Last updated on 2020-08-11 03:47:46 CEST.

Flavor Version Tinstall Tcheck Ttotal Status Flags
r-devel-linux-x86_64-debian-clang 1.0-8 2.20 31.79 33.99 OK
r-devel-linux-x86_64-debian-gcc 1.0-8 1.66 24.05 25.71 OK
r-devel-linux-x86_64-fedora-clang 1.0-8 49.49 NOTE
r-devel-linux-x86_64-fedora-gcc 1.0-8 40.47 OK
r-devel-windows-ix86+x86_64 1.0-8 6.00 58.00 64.00 OK
r-patched-linux-x86_64 1.0-8 2.01 31.52 33.53 OK
r-patched-solaris-x86 1.0-8 58.80 OK
r-release-linux-x86_64 1.0-8 1.91 31.54 33.45 OK
r-release-macos-x86_64 1.0-8 OK
r-release-windows-ix86+x86_64 1.0-8 5.00 44.00 49.00 OK
r-oldrel-macos-x86_64 1.0-8 OK
r-oldrel-windows-ix86+x86_64 1.0-8 5.00 61.00 66.00 OK

Check Details

Version: 1.0-8
Check: Rd cross-references
Result: NOTE
    Undeclared package ‘DEoptim’ in Rd xrefs
Flavor: r-devel-linux-x86_64-fedora-clang