CRAN Package Check Results for Package DDRTree

Last updated on 2020-10-25 15:48:44 CET.

Flavor Version Tinstall Tcheck Ttotal Status Flags
r-devel-linux-x86_64-debian-clang 0.1.5 73.01 60.02 133.03 OK
r-devel-linux-x86_64-debian-gcc 0.1.5 58.27 47.15 105.42 OK
r-devel-linux-x86_64-fedora-clang 0.1.5 184.86 NOTE
r-devel-linux-x86_64-fedora-gcc 0.1.5 173.23 OK
r-devel-windows-ix86+x86_64 0.1.5 139.00 94.00 233.00 OK
r-patched-linux-x86_64 0.1.5 69.31 57.87 127.18 OK
r-patched-solaris-x86 0.1.5 178.60 OK
r-release-linux-x86_64 0.1.5 70.16 57.79 127.95 OK
r-release-macos-x86_64 0.1.5 NOTE
r-release-windows-ix86+x86_64 0.1.5 109.00 89.00 198.00 OK
r-oldrel-macos-x86_64 0.1.5 NOTE
r-oldrel-windows-ix86+x86_64 0.1.5 129.00 77.00 206.00 OK

Check Details

Version: 0.1.5
Check: installed package size
Result: NOTE
     installed size is 22.1Mb
     sub-directories of 1Mb or more:
     libs 22.0Mb
Flavors: r-devel-linux-x86_64-fedora-clang, r-release-macos-x86_64, r-oldrel-macos-x86_64