CRAN Package Check Results for Package DCEM

Last updated on 2020-08-13 15:50:59 CEST.

Flavor Version Tinstall Tcheck Ttotal Status Flags
r-devel-linux-x86_64-debian-clang 2.0.4 19.86 32.51 52.37 OK
r-devel-linux-x86_64-debian-gcc 2.0.4 14.59 25.73 40.32 OK
r-devel-linux-x86_64-fedora-clang 2.0.4 76.67 NOTE
r-devel-linux-x86_64-fedora-gcc 2.0.4 64.68 NOTE
r-devel-windows-ix86+x86_64 2.0.4 56.00 95.00 151.00 OK
r-patched-linux-x86_64 2.0.4 14.17 32.47 46.64 OK
r-patched-solaris-x86 2.0.4 80.70 NOTE
r-release-linux-x86_64 2.0.4 15.08 32.64 47.72 OK
r-release-macos-x86_64 2.0.4 NOTE
r-release-windows-ix86+x86_64 2.0.4 55.00 88.00 143.00 OK
r-oldrel-macos-x86_64 2.0.4 NOTE
r-oldrel-windows-ix86+x86_64 2.0.4 53.00 70.00 123.00 OK

Check Details

Version: 2.0.4
Check: dependencies in R code
Result: NOTE
    Namespace in Imports field not imported from: ‘MASS’
     All declared Imports should be used.
Flavors: r-devel-linux-x86_64-fedora-clang, r-devel-linux-x86_64-fedora-gcc, r-patched-solaris-x86, r-release-macos-x86_64, r-oldrel-macos-x86_64