CRAN Package Check Results for Package DAP

Last updated on 2024-02-24 16:48:17 CET.

Flavor Version Tinstall Tcheck Ttotal Status Flags
r-devel-linux-x86_64-debian-clang 1.0 2.40 24.69 27.09 NOTE
r-devel-linux-x86_64-debian-gcc 1.0 2.27 19.44 21.71 NOTE
r-devel-linux-x86_64-fedora-clang 1.0 37.47 NOTE
r-devel-linux-x86_64-fedora-gcc 1.0 33.92 NOTE
r-devel-windows-x86_64 1.0 6.00 51.00 57.00 NOTE
r-patched-linux-x86_64 1.0 2.94 24.76 27.70 NOTE
r-release-linux-x86_64 1.0 2.52 24.37 26.89 NOTE
r-release-macos-arm64 1.0 17.00 NOTE
r-release-macos-x86_64 1.0 22.00 NOTE
r-release-windows-x86_64 1.0 5.00 44.00 49.00 NOTE
r-oldrel-macos-arm64 1.0 18.00 NOTE
r-oldrel-windows-x86_64 1.0 5.00 50.00 55.00 NOTE

Check Details

Version: 1.0
Check: Rd metadata
Result: NOTE Invalid package aliases in Rd file 'dap-package.Rd': ‘dap-package’ Flavors: r-devel-linux-x86_64-debian-clang, r-devel-linux-x86_64-debian-gcc, r-devel-linux-x86_64-fedora-clang, r-devel-linux-x86_64-fedora-gcc, r-devel-windows-x86_64

Version: 1.0
Check: LazyData
Result: NOTE 'LazyData' is specified without a 'data' directory Flavors: r-devel-linux-x86_64-debian-clang, r-devel-linux-x86_64-debian-gcc, r-devel-linux-x86_64-fedora-clang, r-devel-linux-x86_64-fedora-gcc, r-devel-windows-x86_64, r-patched-linux-x86_64, r-release-linux-x86_64, r-release-macos-arm64, r-release-macos-x86_64, r-release-windows-x86_64, r-oldrel-macos-arm64, r-oldrel-windows-x86_64