CRAN Package Check Results for Package DAISIEprep

Last updated on 2024-03-03 04:48:33 CET.

Flavor Version Tinstall Tcheck Ttotal Status Flags
r-devel-linux-x86_64-debian-clang 0.3.2 1.15 2.03 3.18 ERROR
r-devel-linux-x86_64-debian-gcc 0.3.2 5.96 143.75 149.71 OK
r-devel-linux-x86_64-fedora-clang 0.3.2 255.63 OK
r-devel-linux-x86_64-fedora-gcc 0.3.2 223.64 OK
r-devel-windows-x86_64 0.3.2 10.00 170.00 180.00 OK
r-patched-linux-x86_64 0.3.2 10.87 184.08 194.95 OK
r-release-linux-x86_64 0.3.2 5.59 186.90 192.49 OK
r-release-macos-arm64 0.3.2 81.00 OK
r-release-macos-x86_64 0.3.2 167.00 OK
r-release-windows-x86_64 0.3.2 13.00 217.00 230.00 OK
r-oldrel-macos-arm64 0.3.2 69.00 OK
r-oldrel-windows-x86_64 0.3.2 15.00 214.00 229.00 OK

Check Details

Version: 0.3.2
Check: package dependencies
Result: ERROR Package required but not available: ‘ggtree’ See section ‘The DESCRIPTION file’ in the ‘Writing R Extensions’ manual. Flavor: r-devel-linux-x86_64-debian-clang