CRAN Package Check Results for Package D3partitionR

Last updated on 2024-03-02 16:54:42 CET.

Flavor Version Tinstall Tcheck Ttotal Status Flags
r-devel-linux-x86_64-debian-clang 0.5.0 4.08 34.91 38.99 NOTE
r-devel-linux-x86_64-debian-gcc 0.5.0 3.47 26.65 30.12 NOTE
r-devel-linux-x86_64-fedora-clang 0.5.0 49.84 NOTE
r-devel-linux-x86_64-fedora-gcc 0.5.0 46.84 NOTE
r-devel-windows-x86_64 0.5.0 5.00 50.00 55.00 NOTE
r-patched-linux-x86_64 0.5.0 4.87 34.43 39.30 NOTE
r-release-linux-x86_64 0.5.0 4.85 34.21 39.06 NOTE
r-release-macos-arm64 0.5.0 21.00 NOTE
r-release-macos-x86_64 0.5.0 28.00 NOTE
r-release-windows-x86_64 0.5.0 8.00 51.00 59.00 NOTE
r-oldrel-macos-arm64 0.5.0 17.00 NOTE
r-oldrel-windows-x86_64 0.5.0 7.00 53.00 60.00 NOTE

Check Details

Version: 0.5.0
Check: LazyData
Result: NOTE 'LazyData' is specified without a 'data' directory Flavors: r-devel-linux-x86_64-debian-clang, r-devel-linux-x86_64-debian-gcc, r-devel-linux-x86_64-fedora-clang, r-devel-linux-x86_64-fedora-gcc, r-devel-windows-x86_64, r-patched-linux-x86_64, r-release-linux-x86_64, r-release-macos-arm64, r-release-macos-x86_64, r-release-windows-x86_64, r-oldrel-macos-arm64, r-oldrel-windows-x86_64

Version: 0.5.0
Check: dependencies in R code
Result: NOTE Namespace in Imports field not imported from: ‘titanic’ All declared Imports should be used. Flavors: r-devel-linux-x86_64-fedora-clang, r-devel-linux-x86_64-fedora-gcc, r-oldrel-macos-arm64