CRAN Package Check Results for Package Cyclops

Last updated on 2020-07-02 15:53:55 CEST.

Flavor Version Tinstall Tcheck Ttotal Status Flags
r-devel-linux-x86_64-debian-clang 3.0.0 212.59 107.49 320.08 OK
r-devel-linux-x86_64-debian-gcc 3.0.0 163.03 82.59 245.62 OK
r-devel-linux-x86_64-fedora-clang 3.0.0 448.37 NOTE
r-devel-linux-x86_64-fedora-gcc 3.0.0 408.89 NOTE
r-devel-windows-ix86+x86_64 3.0.0 495.00 260.00 755.00 NOTE
r-patched-linux-x86_64 3.0.0 172.63 107.43 280.06 OK
r-patched-solaris-x86 3.0.0 392.80 NOTE
r-release-linux-x86_64 3.0.0 161.62 105.69 267.31 OK
r-release-osx-x86_64 3.0.0 NOTE
r-release-windows-ix86+x86_64 3.0.0 394.00 182.00 576.00 NOTE
r-oldrel-osx-x86_64 3.0.0 NOTE
r-oldrel-windows-ix86+x86_64 3.0.0 388.00 221.00 609.00 OK

Check Details

Version: 3.0.0
Check: installed package size
Result: NOTE
     installed size is 26.4Mb
     sub-directories of 1Mb or more:
     libs 25.6Mb
Flavors: r-devel-linux-x86_64-fedora-clang, r-devel-windows-ix86+x86_64, r-patched-solaris-x86, r-release-osx-x86_64, r-release-windows-ix86+x86_64, r-oldrel-osx-x86_64

Version: 3.0.0
Check: dependencies in R code
Result: NOTE
    Namespace in Imports field not imported from: ‘dbplyr’
     All declared Imports should be used.
Flavors: r-devel-linux-x86_64-fedora-clang, r-devel-linux-x86_64-fedora-gcc, r-patched-solaris-x86, r-release-osx-x86_64, r-oldrel-osx-x86_64