CRAN Package Check Results for Package Cyclops

Last updated on 2020-10-26 03:48:20 CET.

Flavor Version Tinstall Tcheck Ttotal Status Flags
r-devel-linux-x86_64-debian-clang 3.0.0 206.81 112.95 319.76 OK
r-devel-linux-x86_64-debian-gcc 3.0.0 165.89 85.30 251.19 OK
r-devel-linux-x86_64-fedora-clang 3.0.0 469.41 NOTE
r-devel-linux-x86_64-fedora-gcc 3.0.0 455.72 NOTE
r-devel-windows-ix86+x86_64 3.0.0 450.00 191.00 641.00 NOTE
r-patched-linux-x86_64 3.0.0 202.17 105.25 307.42 OK
r-patched-solaris-x86 3.0.0 393.10 NOTE
r-release-linux-x86_64 3.0.0 194.23 104.47 298.70 OK
r-release-macos-x86_64 3.0.0 NOTE
r-release-windows-ix86+x86_64 3.0.0 376.00 169.00 545.00 NOTE
r-oldrel-macos-x86_64 3.0.0 NOTE
r-oldrel-windows-ix86+x86_64 3.0.0 437.00 208.00 645.00 OK

Check Details

Version: 3.0.0
Check: installed package size
Result: NOTE
     installed size is 25.4Mb
     sub-directories of 1Mb or more:
     libs 24.6Mb
Flavors: r-devel-linux-x86_64-fedora-clang, r-devel-windows-ix86+x86_64, r-patched-solaris-x86, r-release-macos-x86_64, r-release-windows-ix86+x86_64, r-oldrel-macos-x86_64

Version: 3.0.0
Check: dependencies in R code
Result: NOTE
    Namespace in Imports field not imported from: ‘dbplyr’
     All declared Imports should be used.
Flavors: r-devel-linux-x86_64-fedora-clang, r-devel-linux-x86_64-fedora-gcc, r-patched-solaris-x86, r-release-macos-x86_64, r-oldrel-macos-x86_64