Last updated on 2023-01-30 04:52:18 CET.
Flavor | Version | Tinstall | Tcheck | Ttotal | Status | Flags |
---|---|---|---|---|---|---|
r-devel-linux-x86_64-debian-clang | 1.2.7 | 10.51 | 110.90 | 121.41 | OK | |
r-devel-linux-x86_64-debian-gcc | 1.2.7 | 8.76 | 82.28 | 91.04 | OK | |
r-devel-linux-x86_64-fedora-clang | 1.2.7 | 160.18 | NOTE | |||
r-devel-linux-x86_64-fedora-gcc | 1.2.7 | 158.49 | OK | |||
r-devel-windows-x86_64 | 1.2.7 | 17.00 | 184.00 | 201.00 | OK | |
r-patched-linux-x86_64 | 1.2.7 | 11.35 | 105.90 | 117.25 | OK | |
r-release-linux-x86_64 | 1.2.7 | 8.73 | 107.59 | 116.32 | OK | |
r-release-macos-arm64 | 1.2.7 | 44.00 | OK | |||
r-release-macos-x86_64 | 1.2.7 | 70.00 | OK | |||
r-release-windows-x86_64 | 1.2.7 | 37.00 | 186.00 | 223.00 | OK | |
r-oldrel-macos-arm64 | 1.2.7 | 43.00 | OK | |||
r-oldrel-macos-x86_64 | 1.2.7 | 60.00 | OK | |||
r-oldrel-windows-ix86+x86_64 | 1.2.7 | 37.00 | 159.00 | 196.00 | OK |
Version: 1.2.7
Check: Rd cross-references
Result: NOTE
Undeclared package ‘copula’ in Rd xrefs
Flavor: r-devel-linux-x86_64-fedora-clang