CRAN Package Check Results for Package CoxICPen

Last updated on 2024-02-26 04:49:24 CET.

Flavor Version Tinstall Tcheck Ttotal Status Flags
r-devel-linux-x86_64-debian-clang 1.1.0 3.21 36.15 39.36 NOTE
r-devel-linux-x86_64-debian-gcc 1.1.0 3.66 27.30 30.96 NOTE
r-devel-linux-x86_64-fedora-clang 1.1.0 52.82 NOTE
r-devel-linux-x86_64-fedora-gcc 1.1.0 46.44 NOTE
r-devel-windows-x86_64 1.1.0 4.00 48.00 52.00 NOTE
r-patched-linux-x86_64 1.1.0 4.40 35.33 39.73 NOTE
r-release-linux-x86_64 1.1.0 4.82 35.16 39.98 NOTE
r-release-macos-arm64 1.1.0 20.00 NOTE
r-release-macos-x86_64 1.1.0 27.00 NOTE
r-release-windows-x86_64 1.1.0 6.00 49.00 55.00 NOTE
r-oldrel-macos-arm64 1.1.0 19.00 NOTE
r-oldrel-windows-x86_64 1.1.0 5.00 53.00 58.00 NOTE

Check Details

Version: 1.1.0
Check: LazyData
Result: NOTE 'LazyData' is specified without a 'data' directory Flavors: r-devel-linux-x86_64-debian-clang, r-devel-linux-x86_64-debian-gcc, r-devel-linux-x86_64-fedora-clang, r-devel-linux-x86_64-fedora-gcc, r-devel-windows-x86_64, r-patched-linux-x86_64, r-release-linux-x86_64, r-release-macos-arm64, r-release-macos-x86_64, r-release-windows-x86_64, r-oldrel-macos-arm64, r-oldrel-windows-x86_64