CRAN Package Check Results for Package CorrectedFDR

Last updated on 2020-06-01 15:47:40 CEST.

Flavor Version Tinstall Tcheck Ttotal Status Flags
r-devel-linux-x86_64-debian-clang 1.0 1.75 18.43 20.18 OK
r-devel-linux-x86_64-debian-gcc 1.0 1.54 14.76 16.30 OK
r-devel-linux-x86_64-fedora-clang 1.0 33.44 OK
r-devel-linux-x86_64-fedora-gcc 1.0 25.02 OK
r-devel-windows-ix86+x86_64 1.0 8.00 40.00 48.00 NOTE
r-patched-linux-x86_64 1.0 1.77 18.53 20.30 OK
r-patched-solaris-x86 1.0 38.40 OK
r-release-linux-x86_64 1.0 1.85 18.21 20.06 OK
r-release-osx-x86_64 1.0 NOTE
r-release-windows-ix86+x86_64 1.0 5.00 43.00 48.00 NOTE
r-oldrel-osx-x86_64 1.0 NOTE
r-oldrel-windows-ix86+x86_64 1.0 8.00 31.00 39.00 NOTE

Check Details

Version: 1.0
Check: package dependencies
Result: NOTE
    Package suggested but not available for checking: 'ProData'
Flavors: r-devel-windows-ix86+x86_64, r-release-osx-x86_64, r-release-windows-ix86+x86_64, r-oldrel-osx-x86_64, r-oldrel-windows-ix86+x86_64