CRAN Package Check Results for Package Corbi

Last updated on 2024-02-26 04:49:23 CET.

Flavor Version Tinstall Tcheck Ttotal Status Flags
r-devel-linux-x86_64-debian-clang 0.6-2 17.33 126.36 143.69 OK
r-devel-linux-x86_64-debian-gcc 0.6-2 12.45 84.01 96.46 OK
r-devel-linux-x86_64-fedora-clang 0.6-2 177.12 OK
r-devel-linux-x86_64-fedora-gcc 0.6-2 165.41 OK
r-devel-windows-x86_64 0.6-2 17.00 118.00 135.00 OK
r-patched-linux-x86_64 0.6-2 16.05 110.78 126.83 OK
r-release-linux-x86_64 0.6-2 15.38 109.55 124.93 OK
r-release-macos-arm64 0.6-2 64.00 OK
r-release-macos-x86_64 0.6-2 85.00 NOTE
r-release-windows-x86_64 0.6-2 21.00 134.00 155.00 OK
r-oldrel-macos-arm64 0.6-2 46.00 OK
r-oldrel-windows-x86_64 0.6-2 18.00 132.00 150.00 OK

Check Details

Version: 0.6-2
Check: package dependencies
Result: NOTE Package suggested but not available for checking: ‘BiocParallel’ Flavor: r-release-macos-x86_64