Last updated on 2023-12-04 16:53:22 CET.
Flavor | Version | Tinstall | Tcheck | Ttotal | Status | Flags |
---|---|---|---|---|---|---|
r-devel-linux-x86_64-debian-clang | 3.0.1 | 34.65 | 340.69 | 375.34 | OK | |
r-devel-linux-x86_64-debian-gcc | 3.0.1 | 29.23 | 248.41 | 277.64 | OK | |
r-devel-linux-x86_64-fedora-clang | 3.0.1 | 455.01 | NOTE | |||
r-devel-linux-x86_64-fedora-gcc | 3.0.1 | 445.85 | NOTE | |||
r-devel-windows-x86_64 | 3.0.1 | 29.00 | 225.00 | 254.00 | OK | |
r-patched-linux-x86_64 | 3.0.1 | 36.76 | 322.92 | 359.68 | OK | |
r-release-linux-x86_64 | 3.0.1 | 30.46 | 321.85 | 352.31 | OK | |
r-release-macos-arm64 | 3.0.1 | 127.00 | OK | |||
r-release-macos-x86_64 | 3.0.1 | 283.00 | OK | |||
r-release-windows-x86_64 | 3.0.1 | 39.00 | 312.00 | 351.00 | OK | |
r-oldrel-macos-arm64 | 3.0.1 | 110.00 | OK | |||
r-oldrel-macos-x86_64 | 3.0 | 155.00 | OK | |||
r-oldrel-windows-x86_64 | 3.0.1 | 39.00 | 293.00 | 332.00 | OK |
Version: 3.0.1
Check: data for non-ASCII characters
Result: NOTE
Note: found 144 marked UTF-8 strings
Flavors: r-devel-linux-x86_64-fedora-clang, r-devel-linux-x86_64-fedora-gcc