CRAN Package Check Results for Package ConsReg

Last updated on 2024-02-22 05:01:42 CET.

Flavor Version Tinstall Tcheck Ttotal Status Flags
r-devel-linux-x86_64-debian-clang 0.1.0 OK
r-devel-linux-x86_64-debian-gcc 0.1.0 4.20 41.63 45.83 OK
r-devel-linux-x86_64-fedora-clang 0.1.0 82.39 NOTE
r-devel-linux-x86_64-fedora-gcc 0.1.0 84.37 NOTE
r-devel-windows-x86_64 0.1.0 8.00 69.00 77.00 OK
r-patched-linux-x86_64 0.1.0 3.70 53.82 57.52 OK
r-release-linux-x86_64 0.1.0 3.71 54.51 58.22 OK
r-release-macos-arm64 0.1.0 37.00 OK
r-release-macos-x86_64 0.1.0 49.00 OK
r-release-windows-x86_64 0.1.0 10.00 75.00 85.00 OK
r-oldrel-macos-arm64 0.1.0 29.00 OK
r-oldrel-windows-x86_64 0.1.0 9.00 80.00 89.00 OK

Check Details

Version: 0.1.0
Check: compiled code
Result: NOTE File ‘ConsReg/libs/ConsReg.so’: Found no calls to: ‘R_registerRoutines’, ‘R_useDynamicSymbols’ It is good practice to register native routines and to disable symbol search. See ‘Writing portable packages’ in the ‘Writing R Extensions’ manual. Flavors: r-devel-linux-x86_64-fedora-clang, r-devel-linux-x86_64-fedora-gcc