CRAN Package Check Results for Package Conigrave

Last updated on 2023-12-03 04:56:02 CET.

Flavor Version Tinstall Tcheck Ttotal Status Flags
r-devel-linux-x86_64-debian-clang 0.4.4 15.43 134.53 149.96 NOTE
r-devel-linux-x86_64-debian-gcc 0.4.4 13.95 99.69 113.64 NOTE
r-devel-linux-x86_64-fedora-clang 0.4.4 191.94 NOTE
r-devel-linux-x86_64-fedora-gcc 0.4.4 185.93 NOTE
r-devel-windows-x86_64 0.4.4 15.00 106.00 121.00 NOTE
r-patched-linux-x86_64 0.4.4 12.28 125.39 137.67 NOTE
r-release-linux-x86_64 0.4.4 11.41 126.64 138.05 NOTE
r-release-macos-arm64 0.4.4 34.00 NOTE
r-release-macos-x86_64 0.4.4 60.00 NOTE
r-release-windows-x86_64 0.4.4 19.00 129.00 148.00 NOTE
r-oldrel-macos-arm64 0.4.4 32.00 NOTE
r-oldrel-macos-x86_64 0.4.4 67.00 NOTE
r-oldrel-windows-x86_64 0.4.4 19.00 133.00 152.00 NOTE

Check Details

Version: 0.4.4
Check: LazyData
Result: NOTE 'LazyData' is specified without a 'data' directory Flavors: r-devel-linux-x86_64-debian-clang, r-devel-linux-x86_64-debian-gcc, r-devel-linux-x86_64-fedora-clang, r-devel-linux-x86_64-fedora-gcc, r-devel-windows-x86_64, r-patched-linux-x86_64, r-release-linux-x86_64, r-release-macos-arm64, r-release-macos-x86_64, r-release-windows-x86_64, r-oldrel-macos-arm64, r-oldrel-macos-x86_64, r-oldrel-windows-x86_64