CRAN Package Check Results for Package CommunityCorrelogram

Last updated on 2020-06-02 03:47:45 CEST.

Flavor Version Tinstall Tcheck Ttotal Status Flags
r-devel-linux-x86_64-debian-clang 1.0 7.09 60.64 67.73 NOTE
r-devel-linux-x86_64-debian-gcc 1.0 6.35 46.84 53.19 NOTE
r-devel-linux-x86_64-fedora-clang 1.0 91.38 NOTE
r-devel-linux-x86_64-fedora-gcc 1.0 81.97 NOTE
r-devel-windows-ix86+x86_64 1.0 17.00 94.00 111.00 NOTE
r-patched-linux-x86_64 1.0 7.69 60.61 68.30 NOTE
r-patched-solaris-x86 1.0 128.90 NOTE
r-release-linux-x86_64 1.0 6.90 60.32 67.22 NOTE
r-release-osx-x86_64 1.0 NOTE
r-release-windows-ix86+x86_64 1.0 13.00 94.00 107.00 NOTE
r-oldrel-osx-x86_64 1.0 NOTE
r-oldrel-windows-ix86+x86_64 1.0 14.00 67.00 81.00 NOTE

Check Details

Version: 1.0
Check: R code for possible problems
Result: NOTE
    RValues: no visible global function definition for 'cor.test'
    commcorrelogram: no visible global function definition for 'p.adjust'
    lag.sort: no visible global function definition for 'combn'
    lagSelect: no visible global function definition for 'dev.new'
    lagSelect: no visible global function definition for 'par'
    mod.commcorrelogram: no visible global function definition for
     'na.omit'
    mod.commcorrelogram: no visible global function definition for 'nlminb'
    mod.commcorrelogram: no visible global function definition for
     'uniroot'
    mod.commcorrelogram: no visible global function definition for 'par'
    mod.commcorrelogram: no visible global function definition for 'abline'
    mod.commcorrelogram: no visible global function definition for 'lines'
    mod.commcorrelogram: no visible global function definition for 'legend'
    plot.commcorrelogram: no visible global function definition for
     'na.omit'
    plot.commcorrelogram: no visible global function definition for 'par'
    plot.commcorrelogram: no visible global function definition for
     'abline'
    plot.commcorrelogram: no visible global function definition for
     'legend'
    mod,commcorrelogram: no visible global function definition for
     'na.omit'
    mod,commcorrelogram: no visible global function definition for 'nlminb'
    mod,commcorrelogram: no visible global function definition for
     'uniroot'
    mod,commcorrelogram: no visible global function definition for 'par'
    mod,commcorrelogram: no visible global function definition for 'abline'
    mod,commcorrelogram: no visible global function definition for 'lines'
    mod,commcorrelogram: no visible global function definition for 'legend'
    plot,commcorrelogram-missing: no visible global function definition for
     'na.omit'
    plot,commcorrelogram-missing: no visible global function definition for
     'par'
    plot,commcorrelogram-missing: no visible global function definition for
     'abline'
    plot,commcorrelogram-missing: no visible global function definition for
     'legend'
    Undefined global functions or variables:
     abline combn cor.test dev.new legend lines na.omit nlminb p.adjust
     par uniroot
    Consider adding
     importFrom("grDevices", "dev.new")
     importFrom("graphics", "abline", "legend", "lines", "par")
     importFrom("stats", "cor.test", "na.omit", "nlminb", "p.adjust",
     "uniroot")
     importFrom("utils", "combn")
    to your NAMESPACE file.
Flavors: r-devel-linux-x86_64-debian-clang, r-devel-linux-x86_64-debian-gcc, r-devel-linux-x86_64-fedora-clang, r-devel-linux-x86_64-fedora-gcc, r-devel-windows-ix86+x86_64, r-patched-linux-x86_64, r-patched-solaris-x86, r-release-linux-x86_64, r-release-osx-x86_64, r-release-windows-ix86+x86_64, r-oldrel-osx-x86_64, r-oldrel-windows-ix86+x86_64