CRAN Package Check Results for Package CodeDepends

Last updated on 2020-05-25 15:48:57 CEST.

Flavor Version Tinstall Tcheck Ttotal Status Flags
r-devel-linux-x86_64-debian-clang 0.6.5 11.02 80.80 91.82 NOTE
r-devel-linux-x86_64-debian-gcc 0.6.5 8.26 61.56 69.82 NOTE
r-devel-linux-x86_64-fedora-clang 0.6.5 112.65 NOTE
r-devel-linux-x86_64-fedora-gcc 0.6.5 108.81 NOTE
r-devel-windows-ix86+x86_64 0.6.5 24.00 114.00 138.00 OK
r-patched-linux-x86_64 0.6.5 12.51 80.95 93.46 NOTE
r-patched-solaris-x86 0.6.5 156.50 NOTE
r-release-linux-x86_64 0.6.5 12.05 79.15 91.20 NOTE
r-release-osx-x86_64 0.6.5 OK
r-release-windows-ix86+x86_64 0.6.5 22.00 121.00 143.00 OK
r-oldrel-osx-x86_64 0.6.5 OK
r-oldrel-windows-ix86+x86_64 0.6.5 17.00 112.00 129.00 OK

Check Details

Version: 0.6.5
Check: for non-standard things in the check directory
Result: NOTE
    Found the following files/directories:
     'foo.R' 'foo.html'
Flavors: r-devel-linux-x86_64-debian-clang, r-devel-linux-x86_64-debian-gcc, r-devel-linux-x86_64-fedora-clang, r-devel-linux-x86_64-fedora-gcc, r-patched-linux-x86_64, r-patched-solaris-x86, r-release-linux-x86_64