CRAN Package Check Results for Package CoRpower

Last updated on 2024-02-23 16:53:14 CET.

Flavor Version Tinstall Tcheck Ttotal Status Flags
r-devel-linux-x86_64-debian-clang 1.0.4 NOTE
r-devel-linux-x86_64-debian-gcc 1.0.4 7.13 84.57 91.70 NOTE
r-devel-linux-x86_64-fedora-clang 1.0.4 154.69 NOTE
r-devel-linux-x86_64-fedora-gcc 1.0.4 158.42 NOTE
r-devel-windows-x86_64 1.0.4 9.00 106.00 115.00 NOTE
r-patched-linux-x86_64 1.0.4 9.75 110.48 120.23 NOTE
r-release-linux-x86_64 1.0.4 8.98 109.91 118.89 NOTE
r-release-macos-arm64 1.0.4 58.00 NOTE
r-release-macos-x86_64 1.0.4 89.00 NOTE
r-release-windows-x86_64 1.0.4 11.00 127.00 138.00 NOTE
r-oldrel-macos-arm64 1.0.4 46.00 NOTE
r-oldrel-windows-x86_64 1.0.4 13.00 122.00 135.00 NOTE

Check Details

Version: 1.0.4
Check: LazyData
Result: NOTE 'LazyData' is specified without a 'data' directory Flavors: r-devel-linux-x86_64-debian-clang, r-devel-linux-x86_64-debian-gcc, r-devel-linux-x86_64-fedora-clang, r-devel-linux-x86_64-fedora-gcc, r-devel-windows-x86_64, r-patched-linux-x86_64, r-release-linux-x86_64, r-release-macos-arm64, r-release-macos-x86_64, r-release-windows-x86_64, r-oldrel-macos-arm64, r-oldrel-windows-x86_64