CRAN Package Check Results for Package ClickHouseHTTP

Last updated on 2024-02-24 16:48:15 CET.

Flavor Version Tinstall Tcheck Ttotal Status Flags
r-devel-linux-x86_64-debian-clang 0.3.2 0.45 1.64 2.09 ERROR
r-devel-linux-x86_64-debian-gcc 0.3.2 6.67 41.73 48.40 OK
r-devel-linux-x86_64-fedora-clang 0.3.2 81.61 OK
r-devel-linux-x86_64-fedora-gcc 0.3.2 72.30 OK
r-devel-windows-x86_64 0.3.2 7.00 61.00 68.00 OK
r-patched-linux-x86_64 0.3.2 11.55 52.36 63.91 OK
r-release-linux-x86_64 0.3.2 6.25 53.02 59.27 OK
r-release-macos-arm64 0.3.2 25.00 OK
r-release-macos-x86_64 0.3.2 62.00 OK
r-release-windows-x86_64 0.3.2 10.00 68.00 78.00 OK
r-oldrel-macos-arm64 0.3.2 29.00 OK
r-oldrel-windows-x86_64 0.3.2 12.00 72.00 84.00 OK

Check Details

Version: 0.3.2
Check: package dependencies
Result: ERROR Package required but not available: ‘arrow’ See section ‘The DESCRIPTION file’ in the ‘Writing R Extensions’ manual. Flavor: r-devel-linux-x86_64-debian-clang