Last updated on 2023-12-02 16:49:09 CET.
Flavor | Version | Tinstall | Tcheck | Ttotal | Status | Flags |
---|---|---|---|---|---|---|
r-devel-linux-x86_64-debian-clang | 3.6 | 43.71 | 408.71 | 452.42 | OK | |
r-devel-linux-x86_64-debian-gcc | 3.6 | 35.91 | 298.39 | 334.30 | OK | |
r-devel-linux-x86_64-fedora-clang | 3.6 | 562.43 | NOTE | |||
r-devel-linux-x86_64-fedora-gcc | 3.6 | 553.33 | NOTE | |||
r-devel-windows-x86_64 | 3.6 | 32.00 | 242.00 | 274.00 | OK | |
r-patched-linux-x86_64 | 3.6 | 29.41 | 397.29 | 426.70 | OK | |
r-release-linux-x86_64 | 3.6 | 29.52 | 395.61 | 425.13 | OK | |
r-release-macos-arm64 | 3.6 | 123.00 | OK | |||
r-release-macos-x86_64 | 3.6 | 265.00 | OK | |||
r-release-windows-x86_64 | 3.6 | 40.00 | 304.00 | 344.00 | OK | |
r-oldrel-macos-arm64 | 3.6 | 263.00 | OK | |||
r-oldrel-macos-x86_64 | 3.6 | 517.00 | OK | |||
r-oldrel-windows-x86_64 | 3.6 | 40.00 | 295.00 | 335.00 | OK |
Version: 3.6
Check: dependencies in R code
Result: NOTE
Namespace in Imports field not imported from: ‘Rcpp’
All declared Imports should be used.
Flavors: r-devel-linux-x86_64-fedora-clang, r-devel-linux-x86_64-fedora-gcc