CRAN Package Check Results for Package Canopy

Last updated on 2020-08-15 03:48:00 CEST.

Flavor Version Tinstall Tcheck Ttotal Status Flags
r-devel-linux-x86_64-debian-clang 1.3.0 10.50 142.49 152.99 NOTE
r-devel-linux-x86_64-debian-gcc 1.3.0 10.71 107.32 118.03 NOTE
r-devel-linux-x86_64-fedora-clang 1.3.0 190.69 NOTE
r-devel-linux-x86_64-fedora-gcc 1.3.0 190.04 NOTE
r-devel-windows-ix86+x86_64 1.3.0 27.00 196.00 223.00 OK
r-patched-linux-x86_64 1.3.0 10.97 139.39 150.36 NOTE
r-patched-solaris-x86 1.3.0 276.80 NOTE
r-release-linux-x86_64 1.3.0 10.76 139.81 150.57 NOTE
r-release-macos-x86_64 1.3.0 OK
r-release-windows-ix86+x86_64 1.3.0 30.00 144.00 174.00 OK
r-oldrel-macos-x86_64 1.3.0 OK
r-oldrel-windows-ix86+x86_64 1.3.0 14.00 162.00 176.00 OK

Check Details

Version: 1.3.0
Check: for non-standard things in the check directory
Result: NOTE
    Found the following files/directories:
     'MDA231_tree.pdf'
Flavors: r-devel-linux-x86_64-debian-clang, r-devel-linux-x86_64-debian-gcc, r-devel-linux-x86_64-fedora-clang, r-devel-linux-x86_64-fedora-gcc, r-patched-linux-x86_64, r-patched-solaris-x86, r-release-linux-x86_64